 units digit of o?
5
Let k = -24 - -40. Let f = -13 + 24. Suppose f*o = k*o - 900. What is the hundreds digit of o?
1
Let a(g) = -11*g - 6. Let j be a(3). Let f = -24 - j. Let m = f - -88. What is the units digit of m?
3
Suppose -5*v - 47*o + 17445 = -52*o, -4*o - 10472 = -3*v. What is the tens digit of v?
8
Let p = 80809 + -54532. What is the thousands digit of p?
6
Let l = -191 + 181. What is the hundreds digit of (-4 + l)/(1/(-23))?
3
Suppose 60*q + 15 = 63*q, -b + 15942 = 2*q. What is the tens digit of b?
3
Suppose -76*a - 460*a = 14991216 - 45549648. What is the units digit of a?
2
What is the units digit of ((-2626)/130)/(4/(-3820)) - (-8)/2?
5
What is the hundreds digit of 13/(-182)*-14*65628?
6
Let j be (-25)/4*(-46 + 2). Suppose -c + 877 - 872 = 0. Suppose 5*w = -c*b + j, 3*b = 2*b + w + 57. What is the tens digit of b?
5
Let l be (-12)/9 + (-224)/(-24). Let j(w) = 6*w**2 - 23*w + 38. What is the tens digit of j(l)?
3
Let g = 14721 - -7735. What is the tens digit of g/36 - (-32)/144?
2
Let f(k) = -5*k - 16. Let y be f(-10). Let i = -42 - y. Let p = i - -182. What is the hundreds digit of p?
1
Let y(g) = 85*g - 371. Let w be y(4). Let d(c) = -3*c**2 - 2*c + 6. Let h be d(-5). Let l = w - h. What is the tens digit of l?
2
Suppose 3*o = 2*u + 92443 - 20325, o = 3*u + 24030. What is the ten thousands digit of o?
2
Let d(i) = 35*i**2 + 45*i - 5372. What is the thousands digit of d(47)?
4
Suppose 168*d - 156*d + 132 = 0. What is the tens digit of -4 + 526 - 11/(d/4)?
2
What is the ten thousands digit of 184314/18*-12*(-19)/76?
3
Let q be (6/9)/((-1)/(-15)). Suppose -4*d - 39 = -g, q - 4 = -2*d - 4*g. Let o(t) = t**3 + 11*t**2 - 8*t - 7. What is the hundreds digit of o(d)?
2
Suppose 5*h - 4*s + 5*s = -2138, -s = 3*h + 1282. Let m = 770 + h. What is the hundreds digit of m?
3
Let w(u) = -u**2 - 21*u + 45. Suppose -3*x - 40 = 2*z, 0*z + 4*x = -z - 15. Let j be w(z). Let k(g) = 155*g**2 - 2*g - 2. What is the units digit of k(j)?
5
Let c = -56 - -54. What is the tens digit of (-1)/c + (159999/14)/19?
0
Let b = 4130 + 11089. What is the hundreds digit of b?
2
Let r(g) = -149*g**3 + 35*g**2 + 149*g - 4. What is the tens digit of r(-4)?
9
Suppose 3*i + 59 + 91 = 0. Let c = 1116 + -1025. Let n = i + c. What is the tens digit of n?
4
Suppose 3*b + 3*r - 39 = -9, 8 = 4*b - 4*r. Suppose -b*n = -10*n - 508. What is the hundreds digit of n/(2/(-6)*3)?
1
Suppose 0 = -4*r + 4*o + 520 + 16, 3*o = r - 136. Let y = r + -7. What is the tens digit of y?
2
Let o be 2/(-6) + (-28)/(-3). Suppose -25 = -5*b, -3*j - o*b + 13*b + 3772 = 0. What is the hundreds digit of j?
2
Let l be (-42 - -44)*4/((-12)/(-483)). Suppose l*s = 323*s - 134. What is the hundreds digit of s?
1
Let m(x) = -2*x**3 - 2*x**2 + 5*x - 1. Let r be m(-3). Suppose -p + k + 118 = 2*k, -r = 5*k. What is the hundreds digit of p?
1
Let y(d) = d**3 - 10*d**2 + 3*d + 48. Let a be y(9). What is the hundreds digit of 689 - -5*a/(-5)?
6
Let f be 7 + (3 - -1)/(-4). Suppose 4*g - 170 = -x + f*g, 2*g = 5*x - 874. What is the units digit of x?
6
Suppose -804 = -38*x + 44*x. Let p = x + 407. What is the hundreds digit of p?
2
Let u(r) = 541*r**2 - 25*r - 142. What is the tens digit of u(-7)?
4
Let j(c) = -c**3 + 3*c - 1. Let k(b) = -1003*b**3 + 6*b + 3. Let o(p) = 4*j(p) - k(p). What is the hundreds digit of o(1)?
9
Let v = -3088 - -5146. Suppose -289*j - v = -295*j. What is the units digit of j?
3
Suppose 7148 = 3*i + 4*f, 5*f - 11185 + 1655 = -4*i. Suppose i = -596*u + 601*u. What is the hundreds digit of u?
4
Suppose -5546 = 6*u + 3*u - 44363. What is the hundreds digit of u?
3
Suppose 0 = -c - 0*c - 5*m + 349, -c = -3*m - 341. Let j = c - 239. Suppose x + 4*t = j, -4*x - t + 363 = -4*t. What is the tens digit of x?
9
Let p = -85297 + 146088. What is the units digit of p?
1
Let v(x) = -124*x - 119. What is the units digit of v(-16)?
5
Let h(g) = -g**2 - 5*g - 2. Let r be h(-3). Suppose 3*f - 2*f = -3, -r*f = 3*x - 123. Suppose -5 = -p + x. What is the units digit of p?
0
Suppose -16*y + 1141 - 133 = 0. Suppose -y*p = -85*p + 6072. What is the hundreds digit of p?
2
Let q = 11840 + -8166. What is the units digit of q?
4
Let m be (-2 - (3 + 14))*(180 + 5). Let y be (-2)/(-6) + m/(-57). Suppose 350 = -55*a + y*a. What is the units digit of a?
0
Let n(r) = 36*r**3 - 7*r**2 - 2*r + 5. Suppose -4*d = -14*d + 30. What is the units digit of n(d)?
8
Suppose 3*p = 3722 - 1118. What is the tens digit of p?
6
Suppose -43*n + 493822 - 41390 - 73989 = 0. What is the tens digit of n?
0
What is the thousands digit of (26 - 30)*10851/(-6)?
7
Let v = -81 - -92. Suppose v*x - 421 - 4320 = 0. What is the units digit of x?
1
Suppose 0 = 12*v - 306 - 234. Let r be (-15)/(-2)*120/v. Suppose a - 52 = r. What is the units digit of a?
2
Let k(b) = 2*b**2 + b + 39494. What is the units digit of k(0)?
4
Let a(i) = 4*i**3 - 7*i**2 + 60*i - 21. What is the tens digit of a(20)?
7
Let z(r) = 13*r - 182. Let m(v) = -v - 1. Let h(u) = 6*m(u) + z(u). What is the tens digit of h(32)?
3
Let a(v) be the third derivative of v**5/60 + 3*v**4/8 - 7*v**3/3 - 30*v**2 - 3*v. What is the hundreds digit of a(23)?
7
Let q be 1/(-3*10/(-12) - 2). Suppose 24*p = 30*p - 672. Suppose -242 - p = -q*w. What is the tens digit of w?
7
Suppose -23 = 5*b - 38. Suppose -7390 = -b*t - 1084. What is the units digit of t?
2
Let o(d) = 500*d**2 - 29*d + 267. What is the thousands digit of o(7)?
4
Let n(z) = z + 33. Let l be n(-20). Suppose l = -h + 15. What is the units digit of h/(-5) - 2919/(-35)?
3
Suppose -5*s - 4*z + 723 = -0*z, 0 = 3*z + 9. Let a = 6594 + -6597. What is the hundreds digit of s + (-4 - (a + -1))?
1
Let f(l) = -5*l**2 - 52*l - 45. Let c(o) = -13*o**2 - 154*o - 134. Let u(z) = -3*c(z) + 8*f(z). What is the hundreds digit of u(21)?
5
Let k(l) = l**3 + 34*l**2 - 125*l + 453. What is the units digit of k(21)?
3
Let w = -2 - -27. Suppose -a = -w - 50. What is the units digit of ((-7)/3 - 1)*(-1170)/a?
2
Let c(w) = 3*w**3 - 11*w**2 - w - 20. Let d be c(5). What is the thousands digit of ((-1317)/(-6))/(-3 + d/24)?
1
Suppose -2*n + 16 - 6 = 0. Let g be (8/(-5))/((-10)/25). Suppose t - g*t + 9 = 0, -n*t + 30 = w. What is the units digit of w?
5
Let s(n) = -10*n + 12*n - 37 - 9*n - 3*n**2 - n**3 + 0*n**3. What is the hundreds digit of s(-7)?
2
Let n(d) be the second derivative of -9*d**5/20 + d**4/6 + 13*d**3/6 + 4*d**2 + 55*d. What is the hundreds digit of n(-4)?
5
Let d = -87 - -98. Suppose 506 = d*r - 1331. What is the hundreds digit of r?
1
Let b(l) = l**2 + 9*l - 21. Let m be b(-11). Suppose 0 = -3*o + 7 - m. What is the hundreds digit of (-5727)/(-46) + o/4?
1
Let o(l) = -2*l - 26. Let b be o(-18). Let k(n) = 106*n + 46. What is the hundreds digit of k(b)?
1
Let g = -758 + 766. What is the units digit of 53/424 + 1927/g?
1
Let k(o) = -o**3 - 4*o**2 - o. Let f(h) = 5*h**3 + 16*h**2 + 2*h + 44. Let t(l) = f(l) + 6*k(l). What is the units digit of t(-9)?
1
Let w = -13703 + 7287. What is the units digit of 2/15 + w/(-30)?
4
Let h(f) = 63*f + 1065. Let c be h(-17). Let y(x) be the second derivative of 7*x**4/12 + 5*x**3/2 + 7*x**2/2 + x. What is the hundreds digit of y(c)?
1
Suppose 0 = 4*m + 8, -96 = 3*p - 3*m. Let j = -22 - p. Suppose 6 = -j*o + 1146. What is the tens digit of o?
9
Let i be (-2)/(-14) + 0 - (-23040)/1792. Let c(r) = 35*r + 49. What is the tens digit of c(i)?
0
Let d be (14/8)/((-4)/32). Let g be ((-2)/(-1))/((-2)/d) + 0. Suppose -y + 91 = g. What is the units digit of y?
7
Suppose -f - h = -38973, 5*f - 6895 - 188006 = h. What is the ten thousands digit of f?
3
Let w = -15854 + 32647. What is the ten thousands digit of w?
1
Suppose 0 = -0*x - 3*x - 15, d = 3*x + 47. Let a = d + -59. Let c = a + 48. What is the tens digit of c?
2
Let m be 1335 + (-1 - 1) - (-11 - -7). Suppose 12*p = -m + 3269. What is the hundreds digit of p?
1
What is the units digit of (7017 - (-24)/(-4)) + -1?
0
Let w(f) = -2*f**2 - 35*f + 21. Let n be w(-18). Suppose -n*z + 25 - 19 = 0. Suppose z*y = 3*y - 89. What is the units digit of y?
9
Let h be -4 + 5 - 5 - -11*54. Suppose -2*m + l - 248 = 0, 2*l + h = -5*m - 3*l. Let w = m + 190. What is the units digit of w?
8
Let s(a) = -2*a**2 + 4*a**2 - 3 + a - 2*a**2 + 7*a**2. Let y be s(-5). What is the units digit